t common divisor of 51 and j?
17
Suppose r - 120 = -3*r. Calculate the highest common factor of r and 3.
3
Suppose -2*q + 286 = 2*o - 0*q, 5*o - 2*q - 715 = 0. Let k be 0*2/(-4) + 13. Calculate the highest common divisor of k and o.
13
Suppose 3*k + 2*d = 9, -2*k + 5 + 1 = -5*d. Suppose 58 = 4*l - c, 3*l + 10 = -3*c + 61. Calculate the highest common divisor of l and k.
3
Let d(z) = -z**3 - 6*z**2 - 8*z - 6. Let h be d(-5). Suppose -6 - h = -4*i - t, -2*i + 2*t + 10 = 0. What is the highest common factor of 44 and i?
4
Suppose -5*f - 70 = -4*l, l - 6*l = 3*f - 106. What is the highest common divisor of 40 and l?
20
Let b = -164 + 255. Calculate the highest common divisor of 13 and b.
13
Let w = 156 - 100. What is the greatest common factor of 7 and w?
7
Let u(d) = d**2 + d + 12. Let h be u(0). Let k(t) = t**2 - 5*t - 10. Let n be k(7). What is the greatest common factor of n and h?
4
Suppose -8*h + 20 = -3*h. Suppose 0 = 2*i - h*y - 236, -2*y + 3 = y. What is the greatest common factor of i and 24?
24
Let v = 9 - -9. Suppose 5*l - 11 + 6 = 0, 0 = -5*b + 4*l + 221. What is the greatest common factor of b and v?
9
Let p be 1/((5/18)/5). Let q = 7 + -2. Suppose 4*c - 8 = 2*c + u, q*u - 5 = -5*c. What is the greatest common factor of p and c?
3
Let z(a) = -a + 7. Let g(u) = u**3 - 7*u**2 - 6*u - 11. Let o be g(8). Let r be z(o). What is the highest common factor of r and 10?
2
Let j = 21 + -11. What is the highest common divisor of 70 and j?
10
Suppose 3*f - 4*a - 8 = -f, -f = -2*a - 2. Suppose 249 = f*w - 51. Calculate the greatest common factor of w and 25.
25
Let n(x) = x**2 + 5*x + 4. Let f be n(-3). Let o be (-3)/f*16*-1. Let r = 16 - o. Calculate the highest common factor of r and 16.
8
Suppose 0 = -3*w - 7 + 16. Suppose 0 = -2*c - 8, w*t - 7*t + 28 = 5*c. Let x be 8/(3*(-2)/(-45)). What is the greatest common factor of x and t?
12
Let n(t) = -4*t**2 + 4*t - 3. Let b be n(2). Let s = 22 + b. What is the greatest common factor of 77 and s?
11
Let m be 2/5*(148 + 2). What is the greatest common divisor of m and 6?
6
Let q be 5 + (1 + -2)*-1. Calculate the greatest common factor of 12 and q.
6
Let z = -3 + 6. Let q be (-355)/(-15) - 2/z. Suppose -3*f + 4*l + 138 = 0, -l - 2*l + 184 = 4*f. Calculate the greatest common factor of f and q.
23
Let f = 171 + 45. Suppose 3*p - f = -p. Calculate the highest common factor of p and 18.
18
Suppose 4*t = -3*f + 211, -5*f + 0*f + 347 = 2*t. What is the greatest common factor of f and 46?
23
Let j = 115 + -50. Let o be 8/56 - (-362)/14. Calculate the greatest common divisor of j and o.
13
Let p be (4/(-6))/((-10)/(-15)). Let h be -3 - -3 - 2*p. Suppose -n - i + 243 = h*n, -n - 2*i + 81 = 0. Calculate the greatest common divisor of 9 and n.
9
Let c(o) = -2*o + 25. Let k be c(12). Calculate the greatest common divisor of 32 and k.
1
Let l = -25 - -38. Calculate the highest common factor of l and 1.
1
Let q be (1/(-3))/(1/(-78)). Let n = q - 15. What is the highest common divisor of n and 55?
11
Let s(y) = 10*y**2 + y + 11. Let m be s(4). What is the highest common factor of 25 and m?
25
Let k(q) = q**2 + 6*q - 2. Let m be k(-7). Suppose f - m + 1 = 0. What is the highest common divisor of 32 and f?
4
Let l be (-8)/(-20) - 138/(-5). Let f = 14 + 0. What is the greatest common factor of f and l?
14
Let j = -142 - -240. Calculate the highest common divisor of 14 and j.
14
Suppose 0 = -3*t + 8 - 257. Let n be 3 - 6 - (t + -1). Calculate the highest common factor of n and 54.
27
Let b(r) = -r**3 + 6*r**2 - 6*r + 4. Suppose -23 = -5*z - 3. Let y be b(z). Calculate the greatest common divisor of 30 and y.
6
Let p = -89 - -93. Calculate the greatest common divisor of p and 20.
4
Suppose -h + 30 = h. Suppose -5*g - h = 0, -2*b - g = -5*b + 12. Suppose 3*q - 4*t = 6 - 1, -5*q = 5*t - 20. What is the highest common divisor of b and q?
3
Let c be (-1)/(1/(2 + -1)). Let q be (-2)/(-1*c/(-2)). Calculate the highest common divisor of q and 4.
4
Let h be (6/(-18))/(5/(-840)). Calculate the greatest common factor of 7 and h.
7
Let d(q) = 5*q - 6. Suppose -h + n + 3 = 0, -2*h + 5*h + 2*n = 19. Let w be d(h). What is the greatest common divisor of 190 and w?
19
Let y(o) = -3*o + 10. Let r be y(13). Let a = 61 + r. Calculate the greatest common divisor of 288 and a.
32
Suppose -5*t = -2*t - 18. Let m(l) = 2*l**2 - 8*l - 6. Let z be m(t). Let j = z - 13. Calculate the greatest common factor of j and 2.
1
Let w(n) = n**3 - 4*n**2 - 6*n - 3. Let r = -2 - -7. Let f = 1 + r. Let k be w(f). Calculate the greatest common factor of 11 and k.
11
Let n be (-4)/(4/7) - 1*-3. Let p be (0 + 9/(-2))*-2. Let a = n + p. Calculate the greatest common divisor of a and 1.
1
Let l be ((-12)/(-16))/(3/(-36)). Let t be (-2)/(-2) - (l - -3). What is the highest common divisor of 7 and t?
7
Let x = 26 - 12. Let n be ((-5)/(-5))/(1/28). What is the highest common divisor of x and n?
14
Suppose 0*p - 5*n - 20 = -5*p, -9 = -3*p + 4*n. What is the greatest common factor of p and 28?
7
Let o(i) = -24*i + 3. Let n be o(-4). Let r = -16 + 14. Let h be (-3)/((-3)/(-18)*r). Calculate the highest common divisor of h and n.
9
Let n(y) = -2*y - 3. Let r be n(-3). Suppose -78 = r*k - 5*k. Let o = -17 + 43. Calculate the greatest common factor of o and k.
13
Let i = 17 + -3. Calculate the greatest common divisor of 154 and i.
14
Suppose -5*j + 1822 = 447. Calculate the highest common factor of 25 and j.
25
Let a(j) = -j**2 + 12*j + 17. Let l be a(-10). Let g = -91 - l. What is the greatest common divisor of g and 16?
16
Let p be (-2 - -3)/((-1)/(-2)). Suppose -t - 180 = -p*t. What is the highest common factor of 18 and t?
18
Let d = 137 - 95. Calculate the highest common divisor of 56 and d.
14
Suppose -3*i - 2*r = -4*r + 42, 4*r + 76 = -4*i. Let u be (1 + i)*4/(-3). Suppose -4 = -3*y + u. What is the highest common factor of y and 56?
8
Suppose q - 2 - 2 = 0. Let s be -1*(q + -2 + -13). Let x = -96 - -140. Calculate the greatest common factor of x and s.
11
Let i be (-5 - -1)*10/(-8). Let l = 82 - 42. Suppose 0*d + l = d. Calculate the greatest common factor of i and d.
5
Suppose 0*m - 4*m + 84 = 0. Suppose 23 = 4*l - m. Calculate the greatest common factor of l and 1.
1
Suppose 0*w + w = 3*z + 24, -w + 21 = -4*z. Suppose -w - 47 = -5*r. Suppose 0 = -3*i + 24 - 0. Calculate the highest common factor of r and i.
8
Let t = -29 + 41. Suppose -8 = -4*o, 0*b + b = 3*o + t. What is the highest common divisor of 2 and b?
2
Suppose 4 = 2*j - 0. Suppose -293*t + 298*t - 15 = 0. What is the highest common divisor of j and t?
1
Suppose -19 = -5*n + 21. Suppose 0 = -3*q + q - 2. Let u = n - q. Calculate the highest common factor of 27 and u.
9
Let y(r) = -r + 3. Let x be y(0). Let z be x*14*2/4. Suppose 0 = d - z - 15. Calculate the greatest common divisor of 12 and d.
12
Let j be (1/(-3))/((-1)/3). Let w be j/1 + (-62)/(-2). Calculate the highest common divisor of w and 48.
16
Let s be (-1)/(-3) - 102/(-18). Suppose s*w = w. Suppose 2*g - 61 = f, 0 = 4*g - w*g - 5*f - 107. What is the highest common factor of 22 and g?
11
Suppose 9*h = 3*h + 96. Calculate the highest common factor of 2 and h.
2
Suppose -3*s + 297 = 3*r + 2*r, 3*r + 4*s - 176 = 0. What is the greatest common factor of 15 and r?
15
Let k(j) = -j**3 - 2*j**2 + 3*j - 3. Let s be k(-3). Let o(r) = 17*r**2 - 2*r - 4. Let g be o(s). Calculate the highest common divisor of 62 and g.
31
Let v = 9 + -30. Let o = v - -33. Suppose -2*m + 2*c + 268 = 0, 0 = m + 5*c - 0*c - 122. Calculate the highest common factor of m and o.
12
Let n(z) = 147*z**2 - 3*z + 1. Let r be n(1). What is the greatest common divisor of r and 58?
29
Suppose -2*m + 5*u = 14, -26 = -3*m - 5*u + 3. Suppose -14 = 4*k - 142. Suppose -z = -m*z + k. What is the greatest common factor of 4 and z?
4
Suppose 4*c - 2 - 6 = 0. Let b be 3 - (c - 2) - -11. Suppose -2*t + 448 = 2*t. What is the highest common divisor of b and t?
14
Let n = 20 + -8. Let b be (-4)/n - 44/(-6). Let o be b/3 + 1/(-3). What is the greatest common divisor of 22 and o?
2
Let m = 26 - 42. Let x = m + 27. What is the greatest common divisor of 99 and x?
11
Let t(r) = 16*r**2 + 3*r + 2. Let a be t(-2). Calculate the greatest common divisor of a and 12.
12
Suppose -2*q - 2*q = -8. Let